{"id":1578,"date":"2020-01-02T19:57:06","date_gmt":"2020-01-02T19:57:06","guid":{"rendered":"http:\/\/tepeaca.gob.mx\/site\/?page_id=1578"},"modified":"2026-02-27T17:11:44","modified_gmt":"2026-02-27T23:11:44","slug":"evaluacion-a-recursos-federales-ministrados","status":"publish","type":"page","link":"https:\/\/tepeaca.gob.mx\/site\/transparencia\/evaluacion-a-recursos-federales-ministrados\/","title":{"rendered":"Evaluacion a Recursos Federales Ministrados"},"content":{"rendered":"<div class=\"oxi-addons-container\"> <div class=\"ctu-ultimate-wrapper-76\">\n              <div class=\"ctu-ulimate-style-76\"><div class=\"vc-tabs-li vc-tabs-li-76-id-288\" ref=\"#ctu-ulitate-style-76-id-288\">\n                                       EVALUACION 2024\n                                        <div class=\"ctu-absolute\"><\/div>\n                                    <\/div> <\/div><div class=\"ctu-ultimate-style-76-content\">\n                                        <div class=\"ctu-ultimate-style-heading-76 vc-tabs-li-76-id-288\" ref=\"#ctu-ulitate-style-76-id-288\"> \n                                            EVALUACION 2024\n                                        <\/div>\n                                        <div class=\"ctu-ulitate-style-76-tabs \" id=\"ctu-ulitate-style-76-id-288\">\n                                            <table style=\"border-collapse: collapse; width: 100%;\" border=\"1\"> <tbody> <tr> <td style=\"width: 80%;\"><span style=\"color: #000000;\">Informe Final Evaluaci\u00f3n Desempe\u00f1o FAISMUN Ejercicio 2024<\/span><\/td> <td style=\"width: 20%; text-align: center;\"><span style=\"color: #000000;\"><a style=\"color: #000000;\" href=\"https:\/\/tepeaca.gob.mx\/site\/wp-content\/uploads\/2026\/02\/INFORME-FINAL-EVALUACION-DESEMPENO-FAISMUN-EJERCICIO-2024.pdf\" target=\"_blank\" rel=\"noopener\"><img loading=\"lazy\" decoding=\"async\" class=\"aligncenter wp-image-744 size-full\" src=\"https:\/\/tepeaca.gob.mx\/site\/wp-content\/uploads\/2019\/05\/ico-pdf2.png\" alt=\"\" width=\"31\" height=\"33\" \/><\/a><\/span><\/td> <\/tr> <tr> <td style=\"width: 80%;\"> <div class=\"filename new\"><span style=\"color: #000000;\">Informe Final Evaluaci\u00f3n Desempe\u00f1o FORTAMUN Ejercicio 2024<\/span><\/div> <\/td> <td style=\"width: 20%; text-align: center;\"><a href=\"https:\/\/tepeaca.gob.mx\/site\/wp-content\/uploads\/2026\/02\/INFORME-FINAL-EVALUACION-DESEMPENO-FORTAMUN-EJERCICIO-2024.pdf\" target=\"_blank\" rel=\"noopener\"><span style=\"color: #000000;\"><img loading=\"lazy\" decoding=\"async\" class=\"aligncenter wp-image-744 size-full\" src=\"https:\/\/tepeaca.gob.mx\/site\/wp-content\/uploads\/2019\/05\/ico-pdf2.png\" alt=\"\" width=\"31\" height=\"33\" \/><\/span><\/a><\/td> <\/tr> <tr> <td style=\"width: 80%;\">\u00a0<\/td> <td style=\"width: 20%; text-align: center;\">\u00a0<\/td> <\/tr> <\/tbody> <\/table> <\/div><\/div><\/div><\/div>\n\n\n\n<table id=\"tablepress-19\" class=\"tablepress tablepress-id-19 tbody-has-connected-cells\">\n<tbody class=\"row-striping row-hover\">\n<tr class=\"row-1\">\n\t<td colspan=\"2\" class=\"column-1\"><strong><center>Evaluacion 2017<\/center><\/strong><\/td>\n<\/tr>\n<tr class=\"row-2\">\n\t<td class=\"column-1\"><strong>Informe de Difusi\u00f3n EvCyR FORTAMUN 2017<\/strong><\/td><td class=\"column-2\"><center><a href=\"http:\/\/tepeaca.gob.mx\/docs-site\/evaluacion-a-recursos-federales\/EvCyR_FORTAMUN2017.pdf\" rel=\"noopener\" target=\"_blank\"><img loading=\"lazy\" decoding=\"async\" src=\"http:\/\/tepeaca.gob.mx\/site\/wp-content\/uploads\/2019\/10\/pdf-ico.png\" alt=\"\" width=\"32\" height=\"32\" class=\"alignnone size-full wp-image-1235\" \/><\/a><\/center><\/td>\n<\/tr>\n<tr class=\"row-3\">\n\t<td class=\"column-1\"><strong>Formato de Difusi\u00f3n FISM 2017<\/strong><\/td><td class=\"column-2\"><center><a href=\"http:\/\/tepeaca.gob.mx\/docs-site\/evaluacion-a-recursos-federales\/formato-de-difucion-FISM.pdf\" rel=\"noopener\" target=\"_blank\"><img loading=\"lazy\" decoding=\"async\" src=\"http:\/\/tepeaca.gob.mx\/site\/wp-content\/uploads\/2019\/10\/pdf-ico.png\" alt=\"\" width=\"32\" height=\"32\" class=\"alignnone size-full wp-image-1235\" \/><\/a><\/center><\/td>\n<\/tr>\n<tr class=\"row-4\">\n\t<td colspan=\"2\" class=\"column-1\"><center><strong>Evaluacion 2018<\/strong><\/center><\/td>\n<\/tr>\n<tr class=\"row-5\">\n\t<td class=\"column-1\"><strong> CONAC FORMATO FORTAMUN  2018 TEPEACA <\/strong><\/td><td class=\"column-2\"><center><a href=\"https:\/\/tepeaca.gob.mx\/site\/wp-content\/uploads\/2022\/07\/Evaluaci\u00f3n-FORTAMUNDF-2020-Tepeaca.pdf\" target=\"_blank\"><img loading=\"lazy\" decoding=\"async\" src=\"http:\/\/tepeaca.gob.mx\/site\/wp-content\/uploads\/2019\/10\/pdf-ico.png\" alt=\"\" width=\"32\" height=\"32\" class=\"aligncenter size-full wp-image-1235\" \/><\/a><\/center><\/td>\n<\/tr>\n<tr class=\"row-6\">\n\t<td class=\"column-1\"><strong> CONAC FORMATO FISM 2018 TEPEACA <\/strong><\/td><td class=\"column-2\"><center><a href=\"http:\/\/tepeaca.gob.mx\/docs-site\/evaluacion-a-recursos-federales\/CONAC-FORMATO-FISM-2018-TEPEACA.pdf\" target=\"_blank\"><img loading=\"lazy\" decoding=\"async\" src=\"http:\/\/tepeaca.gob.mx\/site\/wp-content\/uploads\/2019\/10\/pdf-ico.png\" alt=\"\" width=\"32\" height=\"32\" class=\"aligncenter size-full wp-image-1235\" \/><\/a><\/center><\/td>\n<\/tr>\n<tr class=\"row-7\">\n\t<td colspan=\"2\" class=\"column-1\"><strong><center>Evaluacion 2019<\/center><\/td>\n<\/tr>\n<tr class=\"row-8\">\n\t<td class=\"column-1\"><strong>Evaluaci\u00f3n Espec\u00edfica de Desempe\u00f1o FORTAMUNDF 2019 Tepeaca<\/strong><\/td><td class=\"column-2\"><center><a href=\"http:\/\/tepeaca.gob.mx\/site\/wp-content\/uploads\/2022\/07\/Evaluaci\u00f3n FORTAMUNDF 2019 Tepeaca.pdf\" target=\"_blank\"><img loading=\"lazy\" decoding=\"async\" src=\"http:\/\/tepeaca.gob.mx\/site\/wp-content\/uploads\/2019\/10\/pdf-ico.png\" alt=\"\" width=\"32\" height=\"32\" class=\"aligncenter size-full wp-image-1235\" \/><\/a><\/center><\/td>\n<\/tr>\n<tr class=\"row-9\">\n\t<td class=\"column-1\"><strong>Evaluaci\u00f3n Espec\u00edfica de Desempe\u00f1o FISMDF 2019 Tepeaca<\/strong><\/td><td class=\"column-2\"><center><a href=\"http:\/\/tepeaca.gob.mx\/site\/wp-content\/uploads\/2022\/07\/Evaluaci\u00f3n FISMDF 2019 Tepeaca.pdf\" target=\"_blank\"><img loading=\"lazy\" decoding=\"async\" src=\"http:\/\/tepeaca.gob.mx\/site\/wp-content\/uploads\/2019\/10\/pdf-ico.png\" alt=\"\" width=\"32\" height=\"32\" class=\"aligncenter size-full wp-image-1235\" \/><\/a><\/center><\/td>\n<\/tr>\n<tr class=\"row-10\">\n\t<td colspan=\"2\" class=\"column-1\"><strong><center>Evaluacion 2020<\/center><\/strong><\/td>\n<\/tr>\n<tr class=\"row-11\">\n\t<td class=\"column-1\"><stong>Evaluaci\u00f3n Espec\u00edfica de Desempe\u00f1o FORTAMUNDF 2020 Tepeaca<\/strong><\/td><td class=\"column-2\"><center><a href=\"https:\/\/tepeaca.gob.mx\/site\/wp-content\/uploads\/2022\/07\/Evaluaci\u00f3n-FORTAMUNDF-2020-Tepeaca.pdf\" target=\"_blank\"><img loading=\"lazy\" decoding=\"async\" src=\"http:\/\/tepeaca.gob.mx\/site\/wp-content\/uploads\/2019\/10\/pdf-ico.png\" alt=\"\" width=\"32\" height=\"32\" class=\"aligncenter size-full wp-image-1235\" \/><\/a><\/center><\/td>\n<\/tr>\n<tr class=\"row-12\">\n\t<td class=\"column-1\"><strong>Evaluaci\u00f3n Espec\u00edfica de Desempe\u00f1o FISMDF 2020 Tepeaca<\/strong><\/td><td class=\"column-2\"><center><a href=\"https:\/\/tepeaca.gob.mx\/site\/wp-content\/uploads\/2022\/07\/Evaluaci\u00f3n-FISMDF-2020-Tepeaca.pdf\" target=\"_blank\"><img loading=\"lazy\" decoding=\"async\" src=\"http:\/\/tepeaca.gob.mx\/site\/wp-content\/uploads\/2019\/10\/pdf-ico.png\" alt=\"\" width=\"32\" height=\"32\" class=\"aligncenter size-full wp-image-1235\" \/><\/a><\/center><\/td>\n<\/tr>\n<tr class=\"row-13\">\n\t<td class=\"column-1\"><strong><center>Evaluacion 2021<\/center><\/strong><\/td><td class=\"column-2\"><\/td>\n<\/tr>\n<tr class=\"row-14\">\n\t<td class=\"column-1\"><strong>Evaluaci\u00f3n Espec\u00edfica de Desempe\u00f1o FISMDF 2021 Tepeaca<\/strong><\/td><td class=\"column-2\"><center><a href=\"https:\/\/tepeaca.gob.mx\/site\/wp-content\/uploads\/2023\/08\/FISMDF-TEPEACA-2021.pdf\" target=\"_blank\"><img loading=\"lazy\" decoding=\"async\" src=\"http:\/\/tepeaca.gob.mx\/site\/wp-content\/uploads\/2019\/10\/pdf-ico.png\" alt=\"\" width=\"32\" height=\"32\" class=\"aligncenter size-full wp-image-1235\" \/><\/a><\/center><\/td>\n<\/tr>\n<tr class=\"row-15\">\n\t<td class=\"column-1\"><strong>Evaluaci\u00f3n Espec\u00edfica de Desempe\u00f1o FORTAMUNDF 2021 Tepeaca<\/strong><\/td><td class=\"column-2\"><center><a href=\"https:\/\/tepeaca.gob.mx\/site\/wp-content\/uploads\/2023\/08\/FORTAMUNDF-2021-TEPEACA.pdf\" target=\"_blank\"><img loading=\"lazy\" decoding=\"async\" src=\"http:\/\/tepeaca.gob.mx\/site\/wp-content\/uploads\/2019\/10\/pdf-ico.png\" alt=\"\" width=\"32\" height=\"32\" class=\"aligncenter size-full wp-image-1235\" \/><\/a><\/center><\/td>\n<\/tr>\n<\/tbody>\n<\/table>\n<!-- #tablepress-19 from cache -->\n","protected":false},"excerpt":{"rendered":"","protected":false},"author":5,"featured_media":0,"parent":490,"menu_order":5,"comment_status":"closed","ping_status":"closed","template":"","meta":{"footnotes":""},"class_list":["post-1578","page","type-page","status-publish","hentry"],"_links":{"self":[{"href":"https:\/\/tepeaca.gob.mx\/site\/wp-json\/wp\/v2\/pages\/1578","targetHints":{"allow":["GET"]}}],"collection":[{"href":"https:\/\/tepeaca.gob.mx\/site\/wp-json\/wp\/v2\/pages"}],"about":[{"href":"https:\/\/tepeaca.gob.mx\/site\/wp-json\/wp\/v2\/types\/page"}],"author":[{"embeddable":true,"href":"https:\/\/tepeaca.gob.mx\/site\/wp-json\/wp\/v2\/users\/5"}],"replies":[{"embeddable":true,"href":"https:\/\/tepeaca.gob.mx\/site\/wp-json\/wp\/v2\/comments?post=1578"}],"version-history":[{"count":5,"href":"https:\/\/tepeaca.gob.mx\/site\/wp-json\/wp\/v2\/pages\/1578\/revisions"}],"predecessor-version":[{"id":5714,"href":"https:\/\/tepeaca.gob.mx\/site\/wp-json\/wp\/v2\/pages\/1578\/revisions\/5714"}],"up":[{"embeddable":true,"href":"https:\/\/tepeaca.gob.mx\/site\/wp-json\/wp\/v2\/pages\/490"}],"wp:attachment":[{"href":"https:\/\/tepeaca.gob.mx\/site\/wp-json\/wp\/v2\/media?parent=1578"}],"curies":[{"name":"wp","href":"https:\/\/api.w.org\/{rel}","templated":true}]}}